composite number?
False
Is 252706351 a prime number?
True
Is 15362647 prime?
True
Is 47467333 prime?
False
Is 235319 a prime number?
False
Is 153859703 prime?
False
Is 473939 a prime number?
True
Is 37072283 composite?
False
Is 57629359 a composite number?
True
Is 2654939 prime?
False
Is 695211067 a prime number?
True
Is 673451 a composite number?
False
Is 1286358951 prime?
False
Is 919581557 a composite number?
False
Is 461418047 composite?
False
Is 345799 a prime number?
False
Is 11211617 prime?
False
Is 33287263 a composite number?
True
Is 32565209 composite?
False
Is 573203 composite?
True
Is 7437293 a composite number?
False
Is 7973921 prime?
True
Is 16444217 prime?
False
Is 13730702 a prime number?
False
Is 17970157 prime?
False
Is 67905413 a composite number?
True
Is 58561291 prime?
False
Is 3463793 a composite number?
True
Is 502986899 composite?
True
Is 6056943 prime?
False
Is 405328037 prime?
True
Is 113406709 a composite number?
True
Is 231506251 a composite number?
True
Is 6052031 composite?
False
Is 6135653 prime?
True
Is 2045357 a composite number?
False
Is 4759793 a prime number?
True
Is 7112605 a composite number?
True
Is 1109473 a composite number?
False
Is 19400447 prime?
False
Is 4233487 a composite number?
True
Is 4582433 composite?
True
Is 87098891 prime?
False
Is 10587829 prime?
False
Is 3496657 a prime number?
True
Is 1026791 a composite number?
False
Is 2186189 a composite number?
False
Is 374760003 composite?
True
Is 14670077 prime?
True
Is 3640301 a composite number?
True
Is 160922699 prime?
False
Is 13566473 prime?
True
Is 28888283 a prime number?
True
Is 35166289 composite?
False
Is 230777387 composite?
False
Is 1291313 composite?
False
Is 27329 a prime number?
True
Is 11744497 composite?
True
Is 5306879 prime?
False
Is 1049891 a prime number?
True
Is 12897778 a prime number?
False
Is 1835689 prime?
True
Is 2792599 a prime number?
False
Is 225999017 prime?
True
Is 6865651 a composite number?
True
Is 151259519 a prime number?
False
Is 151568801 composite?
False
Is 1827877 prime?
False
Is 76975931 prime?
True
Is 23190973 prime?
False
Is 117233653 prime?
True
Is 433291 a composite number?
False
Is 164287379 prime?
True
Is 5531927 composite?
False
Is 68365883 prime?
False
Is 1469759 a prime number?
False
Is 6201343 composite?
True
Is 35128229 a composite number?
True
Is 763920461 prime?
True
Is 1181621 composite?
True
Is 10056703 a prime number?
False
Is 335600371 composite?
False
Is 166936849 prime?
True
Is 2114257 composite?
True
Is 829349 a prime number?
True
Is 18837893 a composite number?
False
Is 39166219 prime?
True
Is 467095 composite?
True
Is 84124163 a composite number?
False
Is 1309247 prime?
False
Is 97348133 prime?
False
Is 6565777 prime?
True
Is 7996463 a prime number?
True
Is 90265897 composite?
True
Is 1189877 a composite number?
True
Is 201038381 a prime number?
False
Is 1320629 composite?
True
Is 24548933 a prime number?
True
Is 10741645 a prime number?
False
Is 14613773 a prime number?
True
Is 3118429 prime?
False
Is 2894569 a prime number?
False
Is 13860601 a prime number?
False
Is 2413679 a prime number?
True
Is 101869637 composite?
False
Is 362491 a composite number?
True
Is 3655867 composite?
True
Is 1971169 composite?
True
Is 14817269 composite?
False
Is 546283 prime?
True
Is 1804177 a composite number?
True
Is 2140951 a prime number?
False
Is 1550316299 composite?
True
Is 39314027 prime?
True
Is 1432279 a composite number?
True
Is 2884051 prime?
True
Is 15375733 a composite number?
True
Is 148011913 composite?
True
Is 27484967 prime?
True
Is 435341663 prime?
True
Is 21976153 composite?
False
Is 523646297 composite?
True
Is 2739419 prime?
True
Is 29186539 prime?
True
Is 113059 composite?
True
Is 404819 prime?
True
Is 12519833 a composite number?
False
Is 205704049 a composite number?
True
Is 233710693 composite?
False
Is 262614829 a prime number?
True
Is 1904234 composite?
True
Is 259399291 prime?
True
Is 3009827 a composite number?
False
Is 726281 composite?
True
Is 723018677 composite?
False
Is 61763 a prime number?
False
Is 555604463 a prime number?
True
Is 6888643 prime?
False
Is 37756051 a prime number?
False
Is 59080979 composite?
False
Is 52795081 prime?
False
Is 12354098 prime?
False
Is 17845889 composite?
False
Is 7589353 a composite number?
False
Is 2995249 a prime number?
True
Is 1006051 a composite number?
True
Is 17998399 a composite number?
False
Is 2752885 a prime number?
False
Is 9686623 a prime number?
True
Is 3034069 composite?
False
Is 2346229 prime?
False
Is 337839223 prime?
False
Is 5479889 composite?
False
Is 84027061 prime?
False
Is 2137301 a prime number?
True
Is 44369297 a composite number?
True
Is 7419223 composite?
True
Is 301607389 prime?
True
Is 81402623 a composite number?
True
Is 55326283 a composite number?
False
Is 172470863 a prime number?
True
Is 293527309 a prime number?
True
Is 6801653 a prime number?
True
Is 581593 prime?
False
Is 33724571 prime?
True
Is 16389929 prime?
True
Is 410654977 composite?
False
Is 18480739 a composite number?
True
Is 1641337 composite?
True
Is 10615931 a composite number?
True
Is 36889027 prime?
False
Is 580526063 composite?
True
Is 2972039 composite?
True
Is 161036539 composite?
False
Is 5282219 a composite number?
False
Is 708559 prime?
True
Is 5487247 a prime number?
True
Is 3066821 a composite number?
False
Is 1420697 prime?
True
Is 90347613 prime?
False
Is 880483 a composite number?
False
Is 5811277 prime?
False
Is 13209563 prime?
True
Is 1509411 a prime number?
False
Is 9029849 composite?
False
Is 1449061 a prime number?
True
Is 5874829 a prime number?
True
Is 422472823 a prime number?
True
Is 75425071 a composite number?
False
Is 15823373 a prime number?
True
Is 35846309 composite?
False
Is 60365447 a prime number?
True
Is 1923611 composite?
False
Is 785797 a prime number?
False
Is 193847 a composite number?
False
Is 3707149 composite?
False
Is 86059087 composite?
False
Is 2569253 prime?
True
Is 159767 composite?
True
Is 3210355 prime?
False
Is 3103679 composite?
False
Is 344771299 composite?
True
Is 877606297 a composite number?
True
Is 101553367 a composite number?
True
Is 7918031 a composite number?
True
Is 5205293 a prime number?
False
Is 65671 a composite number?
True
Is 83473751 composite?
False
Is 129425051 composite?
True
Is 18735437 a prime number?
False
Is 13792291 a composite number?
True
Is 3708203 a prime number?
True
Is 83862419 prime?
False
Is 379451 a prime number?
True
Is 49337251 prime?
False
Is 460727 prime?
False
Is 48414193 a prime number?
False
Is 284196347 a prime number?
False
Is 8024902 a composite number?
True
Is 37970899 a composite number?
True
Is 45366379 a composite number?
True
Is 281495 prime?
False
Is 10605079 a prime number?
True
Is 182513251 a composite number?
True
Is 13446529 a composite number?
True
Is 3037 composite?
False
Is 23357813 a prime number?
False
Is 1022821 a prime number?
True
Is 771083 prime?
False
Is 1214519 a composite number?
False
Is 585071657 a composite number?
True
Is 100270322 prime?
False
Is 4735659 composite?
True
Is 86295169 a prime number?
False
Is 3991937 a prime number?
False
Is 3486463 composite?
False
Is 53121581 composite?
False
Is 122639893 a prime number?
True
Is 152175689 a composite number?
True
Is 2789639 composite?
True
Is 1030583 a prime number?
True
Is 167953 composite?
False
Is 12078853 composite?
False
Is 53957037 a composite number?
True
Is 15583871 a prime number?
False
Is 15242114 a composite number?
True
Is 108023603 prime?
True
Is 7914923 a prime number?
False
Is 1054511 a composite number?
True
Is 999398909 composite?
True
Is 11792519 a prime number?
True
Is 461902921 a composite number?
False
Is 92749141 prime?
True
Is 34116119 prime?
False
Is 3870023 prime?
False
Is 75742171 a prime number?
False
Is 2005147 a prime number?
False
Is 104605433 a prime number?
True
Is 13107551 prime?
True
Is 10579019 prime?
False
Is 15346397 a composite number?
True
Is 1010213 prime?
False
Is 18201217 prime?
True
Is 6528461 a composite number?
True
Is 8475871 a composite number?
False
Is 1855457 a prime number?
True
Is 22072157 composite?
True
Is 7836967 a composite number?
False
Is 1793971 composite?
False
Is 5097311 a prime number?
False
Is 110772281 a c